{"id":9,"date":"2017-02-11T15:55:25","date_gmt":"2017-02-11T14:55:25","guid":{"rendered":"http:\/\/olecko.kbwch.pl\/?page_id=9"},"modified":"2017-02-11T15:55:25","modified_gmt":"2017-02-11T14:55:25","slug":"pytania-i-odpowiedzi","status":"publish","type":"page","link":"http:\/\/olecko.kbwch.pl\/index.php\/pytania-i-odpowiedzi\/","title":{"rendered":"Pytania i odpowiedzi"},"content":{"rendered":"<p>1.\u00a0\u00a0\u00a0\u00a0\u00a0 Czy uznajecie kap\u0142a\u0144stwo kobiet?<\/p>\n<p>Wierzymy w powszechne kap\u0142a\u0144stwo ludzi narodzonych na nowo, zgodnie z I P 2, 9: \u201e<em>Ale wy jeste\u015bcie rodem wybranym, kr\u00f3lewskim kap\u0142a\u0144stwem, narodem \u015bwi\u0119tym, ludem nabytym, aby\u015bcie rozg\u0142aszali cnoty tego, kt\u00f3ry was powo\u0142a\u0142 z ciemno\u015bci do cudownej swojej \u015bwiat\u0142o\u015bci<\/em>\u201d Wierzymy te\u017c, \u017ce ka\u017cdy wierz\u0105cy ma jakie\u015b powo\u0142anie od Boga i osi\u0105ga pe\u0142ni\u0119 \u017cycia duchowego jedynie wtedy, gdy wykonuje to,\u00a0 co mu B\u00f3g zleci\u0142. Uwa\u017camy, \u017ce kobiety nie mog\u0105 naucza\u0107 i by\u0107 przyw\u00f3dcami w Ko\u015bciele zgodnie\u00a0 z II Tym. 2,12: \u201e<em>Nie pozwalam za\u015b kobiecie naucza\u0107 ani wynosi\u0107 si\u0119 nad m\u0119\u017ca\u2026<\/em>\u201d oraz II Tym. 3, 2 \u201e<em>Biskup za\u015b ma by\u0107 nienaganny, m\u0105\u017c jednej \u017cony\u2026<\/em>\u201d.<\/p>\n<p>&nbsp;<\/p>\n<ol start=\"2\">\n<li>Czy wierzycie w rzeczywist\u0105 obecno\u015b\u0107 Chrystusa podczas Wieczerzy Pa\u0144skiej?<\/li>\n<\/ol>\n<p>Je\u015bli chodzi o Wieczerz\u0119 Pa\u0144sk\u0105 (komuni\u0119), to mamy inne pogl\u0105dy ni\u017c Ko\u015bci\u00f3\u0142 Rzymskokatolicki. Dla nas komunia jest pami\u0105tk\u0105 \u015bmierci Jezusa i mo\u017cliwo\u015bci\u0105 podzi\u0119kowania Bogu za spotkanie z Jezusem, kt\u00f3ry jest dla nas chlebem na ka\u017cdy dzie\u0144. Uczestnicz\u0105c w komunii wyra\u017camy nasz\u0105 wiar\u0119 w jedn\u0105, niepowtarzaln\u0105 ofiar\u0119 Syna Bo\u017cego, zgodnie z Hebr. 10, 14: \u201e<em>Albowiem jedn\u0105 ofiar\u0105 uczyni\u0142 na zawsze doskona\u0142ymi tych, kt\u00f3rzy s\u0105 u\u015bwi\u0119ceni<\/em>\u201d oraz Hebr. 9, 25-28: \u201e<em>I nie dlatego, \u017ceby wielekro\u0107 ofiarowa\u0107 samego siebie, podobnie jak arcykap\u0142an wchodzi do \u015bwi\u0105tyni co roku z cudz\u0105 krwi\u0105, gdy\u017c w takim razie musia\u0142by cierpie\u0107 wiele razy od pocz\u0105tku \u015bwiata; ale obecnie objawi\u0142 si\u0119 On jeden raz u schy\u0142ku wiek\u00f3w dla zg\u0142adzenia grzechu przez ofiarowanie samego siebie. A jak postanowione jest ludziom raz umrze\u0107, a potem s\u0105d, \u00a0tak i Chrystus, raz ofiarowany, aby zg\u0142adzi\u0107 grzechy wielu, drugi raz uka\u017ce si\u0119 nie z powodu grzechu, lecz ku zbawieniu tym, kt\u00f3rzy go oczekuj<\/em>\u0105\u201d.<\/p>\n<p>Innymi s\u0142owami, nasza wiara nie skupia si\u0119 na transsubstansacji, lecz na historycznej ofierze Jezusa z\u0142o\u017conej na Golgocie. Wierzymy, \u017ce moc komunii wynika g\u0142\u00f3wnie z \u017cycia w pos\u0142usze\u0144stwie S\u0142owu Bo\u017cemu. Zatem komunia jest raczej ukoronowaniem chodzenia w wierze i spo\u0142eczno\u015bci z Bogiem ni\u017c tzw. sakramentem. W Zborze w Olecku obchodzimy wieczerz\u0119 Pa\u0144sk\u0105 w ka\u017cd\u0105 niedziel\u0119 (i czasem tak\u017ce innego dnia tygodnia).<\/p>\n<p>&nbsp;<\/p>\n<p>3.\u00a0\u00a0\u00a0\u00a0\u00a0 Jak wygl\u0105daj\u0105 wasze nabo\u017ce\u0144stwa? S\u0105 podobne do mszy katolickich, czy bardziej do nabo\u017ce\u0144stw zielono\u015bwi\u0105tkowych?<\/p>\n<p>Nasze nabo\u017ce\u0144stwa nie s\u0105 ofiarami (mszami), gdy\u017c wierzymy w jedn\u0105 doskona\u0142\u0105 i niepowtarzaln\u0105 ofiar\u0119 Jezusa na Golgocie. Nabo\u017ce\u0144stwa s\u0105 r\u00f3\u017cnych typ\u00f3w: nauczaj\u0105ce, modlitewne, uwielbiaj\u0105ce. Ich przebieg jest podobny jak na nabo\u017ce\u0144stwach baptyst\u00f3w, czy zielono\u015bwi\u0105tkowc\u00f3w, tzn. \u015bpiew, modlitwy, nauczanie, sk\u0142adanie \u015bwiadectw, modlitwy o specjalne potrzeby (np. o uzdrowienie).<\/p>\n<p>&nbsp;<\/p>\n<p>4.\u00a0\u00a0\u00a0\u00a0\u00a0 Ile ksi\u0105g ST uznajecie? 39? Jakiego przek\u0142adu Biblii u\u017cywacie?<\/p>\n<p>U\u017cywamy najcz\u0119\u015bciej przek\u0142adu protestanckiego Biblii (ja np. najcz\u0119\u015bciej korzystam z Biblii Warszawskiej wydanej przez Brytyjskie i Zagraniczne Towarzystwo Biblijne). Oczywi\u015bcie korzystamy te\u017c z innych przek\u0142ad\u00f3w (w tym katolickich, a nawet czytamy Bibli\u0119 w j\u0119zykach oryginalnych tzn. po hebrajsku i po grecku). Za natchnione uwa\u017camy jedynie 39 ksi\u0105g Starego Testamentu i Nowy Testament (razem 66 ksi\u0105g). Polecamy interlinearny przek\u0142ad Nowego Testamentu wed\u0142ug Textus Receptus zamieszczonego np. na stronie <a href=\"http:\/\/www.oblubienica.eu\">www.oblubienica.eu<\/a>.<\/p>\n<p>5.\u00a0\u00a0\u00a0\u00a0\u00a0 Czy uznajecie s\u0142u\u017cb\u0119 wojskow\u0105? Je\u015bli chodzi o s\u0142u\u017cb\u0119 wojskow\u0105, to jest to sprawa indywidualnego przekonania danej osoby. Nie widzimy jednak problemu w odbywaniu takiej s\u0142u\u017cby. Podstaw\u0105 do takiego my\u015blenia jest apostolski nakaz pos\u0142usze\u0144stwa wszelkim w\u0142adzom, np. Rzym. 13,1: \u201e<em>Ka\u017cdy cz\u0142owiek niech si\u0119 poddaje w\u0142adzom zwierzchnim; bo nie ma w\u0142adzy, jak tylko od Boga, a te, kt\u00f3re s\u0105, przez Boga s\u0105 ustanowione<\/em>.\u201d<\/p>\n<p>6.\u00a0\u00a0\u00a0\u00a0\u00a0 Czy pastor\u00f3w obowi\u0105zuje celibat?<\/p>\n<p>Naszych pastor\u00f3w nie obowi\u0105zuje celibat. Uwa\u017camy, \u017ce pastor powinien mie\u0107 \u017con\u0119 (tak jak naucza\u0142 aposto\u0142 Pawe\u0142).<\/p>\n<p>7.\u00a0\u00a0\u00a0\u00a0\u00a0 Czy macie jakie\u015b zgromadzenia kobiet na wz\u00f3r klauzurowych (zamkni\u0119tych) zakon\u00f3w katolickich\/prawos\u0142awnych?Specjalnych spo\u0142eczno\u015bci zakonnych nie mamy, gdy\u017c uwa\u017camy, \u017ce nale\u017cy \u017cy\u0107 z Bogiem w\u015br\u00f3d ludzi w ich naturalnym \u015brodowisku.<\/p>\n<p>8.\u00a0\u00a0\u00a0\u00a0\u00a0 Czy wierzycie w Czy\u015bciec?<\/p>\n<p>Nie wierzymy w Czy\u015bciec, ani w tzw. drug\u0105 szans\u0119. Wierzymy, \u017ce z Bogiem nale\u017cy pojedna\u0107 si\u0119 podczas tego \u017cycia, ufaj\u0105c doskona\u0142ej ofierze jego Syna.<\/p>\n<p>&nbsp;<\/p>\n<ol start=\"9\">\n<li>Czy macie jak\u0105\u015b hierarchi\u0119 ko\u015bcieln\u0105? Jakiego\u015b odpowiednika na wz\u00f3r katolickiego papie\u017ca?<\/li>\n<\/ol>\n<p>Lokalne Ko\u015bcio\u0142y s\u0105 u nas autonomiczne i bardzo zr\u00f3\u017cnicowane w metodach post\u0119powania, a nawet w doktrynach. Nie mamy wi\u0119c swojego \u201epapie\u017ca\u201d. Jest natomiast Naczelny Prezbiter, kt\u00f3ry reprezentuje Ko\u015bci\u00f3\u0142 na zewn\u0105trz, szczeg\u00f3lnie wobec w\u0142adz pa\u0144stwowych. Jest te\u017c Rada Ko\u015bcio\u0142a, no i Synod-czyli zgromadzenie pastor\u00f3w wszystkich zbor\u00f3w. Synod wybiera Naczelnego Prezbitera. O tych rzeczach mo\u017cna poczyta\u0107 w Statucie naszego Ko\u015bcio\u0142a.<\/p>\n<p>&nbsp;<\/p>\n<ol start=\"10\">\n<li>Co my\u015blicie na temat stygmat\u00f3w? Wymys\u0142 ludzki, czy jednak dar od Boga? A mo\u017ce dzie\u0142o Szatana?<\/li>\n<\/ol>\n<p>Przez stygmaty rozumiem pozosta\u0142o\u015bci na ciele po cierpieniu za wiar\u0119 w Jezusa, a nie takie rzeczy jak np. u ojca Pio. Uwa\u017camy, \u017ce takie manifestacje nie s\u0105 biblijne i maj\u0105 pod\u0142o\u017ce okultystyczne (czyli diabelskie)<\/p>\n","protected":false},"excerpt":{"rendered":"<p>1.\u00a0\u00a0\u00a0\u00a0\u00a0 Czy uznajecie kap\u0142a\u0144stwo kobiet? Wierzymy w powszechne kap\u0142a\u0144stwo ludzi narodzonych na nowo, zgodnie z I P 2, 9: \u201eAle wy jeste\u015bcie rodem wybranym, kr\u00f3lewskim kap\u0142a\u0144stwem, narodem \u015bwi\u0119tym, ludem nabytym, aby\u015bcie rozg\u0142aszali cnoty tego, kt\u00f3ry was powo\u0142a\u0142 z ciemno\u015bci do cudownej swojej \u015bwiat\u0142o\u015bci\u201d Wierzymy te\u017c, \u017ce ka\u017cdy wierz\u0105cy ma jakie\u015b powo\u0142anie od Boga i osi\u0105ga [&hellip;]<\/p>\n","protected":false},"author":1,"featured_media":0,"parent":0,"menu_order":0,"comment_status":"closed","ping_status":"closed","template":"","meta":{"footnotes":""},"class_list":["post-9","page","type-page","status-publish","hentry","clear"],"_links":{"self":[{"href":"http:\/\/olecko.kbwch.pl\/index.php\/wp-json\/wp\/v2\/pages\/9","targetHints":{"allow":["GET"]}}],"collection":[{"href":"http:\/\/olecko.kbwch.pl\/index.php\/wp-json\/wp\/v2\/pages"}],"about":[{"href":"http:\/\/olecko.kbwch.pl\/index.php\/wp-json\/wp\/v2\/types\/page"}],"author":[{"embeddable":true,"href":"http:\/\/olecko.kbwch.pl\/index.php\/wp-json\/wp\/v2\/users\/1"}],"replies":[{"embeddable":true,"href":"http:\/\/olecko.kbwch.pl\/index.php\/wp-json\/wp\/v2\/comments?post=9"}],"version-history":[{"count":1,"href":"http:\/\/olecko.kbwch.pl\/index.php\/wp-json\/wp\/v2\/pages\/9\/revisions"}],"predecessor-version":[{"id":10,"href":"http:\/\/olecko.kbwch.pl\/index.php\/wp-json\/wp\/v2\/pages\/9\/revisions\/10"}],"wp:attachment":[{"href":"http:\/\/olecko.kbwch.pl\/index.php\/wp-json\/wp\/v2\/media?parent=9"}],"curies":[{"name":"wp","href":"https:\/\/api.w.org\/{rel}","templated":true}]}}

<p>1.      Czy uznajecie kapłaństwo kobiet?</p>
<p>Wierzymy w powszechne kapłaństwo ludzi narodzonych na nowo, zgodnie z I P 2, 9: „<em>Ale wy jesteście rodem wybranym, królewskim kapłaństwem, narodem świętym, ludem nabytym, abyście rozgłaszali cnoty tego, który was powołał z ciemności do cudownej swojej światłości</em>” Wierzymy też, że każdy wierzący ma jakieś powołanie od Boga i osiąga pełnię życia duchowego jedynie wtedy, gdy wykonuje to,  co mu Bóg zlecił. Uważamy, że kobiety nie mogą nauczać i być przywódcami w Kościele zgodnie  z II Tym. 2,12: „<em>Nie pozwalam zaś kobiecie nauczać ani wynosić się nad męża…</em>” oraz II Tym. 3, 2 „<em>Biskup zaś ma być nienaganny, mąż jednej żony…</em>”.</p>
<p>&nbsp;</p>
<ol start="2">
<li>Czy wierzycie w rzeczywistą obecność Chrystusa podczas Wieczerzy Pańskiej?</li>
</ol>
<p>Jeśli chodzi o Wieczerzę Pańską (komunię), to mamy inne poglądy niż Kościół Rzymskokatolicki. Dla nas komunia jest pamiątką śmierci Jezusa i możliwością podziękowania Bogu za spotkanie z Jezusem, który jest dla nas chlebem na każdy dzień. Uczestnicząc w komunii wyrażamy naszą wiarę w jedną, niepowtarzalną ofiarę Syna Bożego, zgodnie z Hebr. 10, 14: „<em>Albowiem jedną ofiarą uczynił na zawsze doskonałymi tych, którzy są uświęceni</em>” oraz Hebr. 9, 25-28: „<em>I nie dlatego, żeby wielekroć ofiarować samego siebie, podobnie jak arcykapłan wchodzi do świątyni co roku z cudzą krwią, gdyż w takim razie musiałby cierpieć wiele razy od początku świata; ale obecnie objawił się On jeden raz u schyłku wieków dla zgładzenia grzechu przez ofiarowanie samego siebie. A jak postanowione jest ludziom raz umrzeć, a potem sąd,  tak i Chrystus, raz ofiarowany, aby zgładzić grzechy wielu, drugi raz ukaże się nie z powodu grzechu, lecz ku zbawieniu tym, którzy go oczekuj</em>ą”.</p>
<p>Innymi słowami, nasza wiara nie skupia się na transsubstansacji, lecz na historycznej ofierze Jezusa złożonej na Golgocie. Wierzymy, że moc komunii wynika głównie z życia w posłuszeństwie Słowu Bożemu. Zatem komunia jest raczej ukoronowaniem chodzenia w wierze i społeczności z Bogiem niż tzw. sakramentem. W Zborze w Olecku obchodzimy wieczerzę Pańską w każdą niedzielę (i czasem także innego dnia tygodnia).</p>
<p>&nbsp;</p>
<p>3.      Jak wyglądają wasze nabożeństwa? Są podobne do mszy katolickich, czy bardziej do nabożeństw zielonoświątkowych?</p>
<p>Nasze nabożeństwa nie są ofiarami (mszami), gdyż wierzymy w jedną doskonałą i niepowtarzalną ofiarę Jezusa na Golgocie. Nabożeństwa są różnych typów: nauczające, modlitewne, uwielbiające. Ich przebieg jest podobny jak na nabożeństwach baptystów, czy zielonoświątkowców, tzn. śpiew, modlitwy, nauczanie, składanie świadectw, modlitwy o specjalne potrzeby (np. o uzdrowienie).</p>
<p>&nbsp;</p>
<p>4.      Ile ksiąg ST uznajecie? 39? Jakiego przekładu Biblii używacie?</p>
<p>Używamy najczęściej przekładu protestanckiego Biblii (ja np. najczęściej korzystam z Biblii Warszawskiej wydanej przez Brytyjskie i Zagraniczne Towarzystwo Biblijne). Oczywiście korzystamy też z innych przekładów (w tym katolickich, a nawet czytamy Biblię w językach oryginalnych tzn. po hebrajsku i po grecku). Za natchnione uważamy jedynie 39 ksiąg Starego Testamentu i Nowy Testament (razem 66 ksiąg). Polecamy interlinearny przekład Nowego Testamentu według Textus Receptus zamieszczonego np. na stronie <a href="http://www.oblubienica.eu">www.oblubienica.eu</a>.</p>
<p>5.      Czy uznajecie służbę wojskową? Jeśli chodzi o służbę wojskową, to jest to sprawa indywidualnego przekonania danej osoby. Nie widzimy jednak problemu w odbywaniu takiej służby. Podstawą do takiego myślenia jest apostolski nakaz posłuszeństwa wszelkim władzom, np. Rzym. 13,1: „<em>Każdy człowiek niech się poddaje władzom zwierzchnim; bo nie ma władzy, jak tylko od Boga, a te, które są, przez Boga są ustanowione</em>.”</p>
<p>6.      Czy pastorów obowiązuje celibat?</p>
<p>Naszych pastorów nie obowiązuje celibat. Uważamy, że pastor powinien mieć żonę (tak jak nauczał apostoł Paweł).</p>
<p>7.      Czy macie jakieś zgromadzenia kobiet na wzór klauzurowych (zamkniętych) zakonów katolickich/prawosławnych?Specjalnych społeczności zakonnych nie mamy, gdyż uważamy, że należy żyć z Bogiem wśród ludzi w ich naturalnym środowisku.</p>
<p>8.      Czy wierzycie w Czyściec?</p>
<p>Nie wierzymy w Czyściec, ani w tzw. drugą szansę. Wierzymy, że z Bogiem należy pojednać się podczas tego życia, ufając doskonałej ofierze jego Syna.</p>
<p>&nbsp;</p>
<ol start="9">
<li>Czy macie jakąś hierarchię kościelną? Jakiegoś odpowiednika na wzór katolickiego papieża?</li>
</ol>
<p>Lokalne Kościoły są u nas autonomiczne i bardzo zróżnicowane w metodach postępowania, a nawet w doktrynach. Nie mamy więc swojego „papieża”. Jest natomiast Naczelny Prezbiter, który reprezentuje Kościół na zewnątrz, szczególnie wobec władz państwowych. Jest też Rada Kościoła, no i Synod-czyli zgromadzenie pastorów wszystkich zborów. Synod wybiera Naczelnego Prezbitera. O tych rzeczach można poczytać w Statucie naszego Kościoła.</p>
<p>&nbsp;</p>
<ol start="10">
<li>Co myślicie na temat stygmatów? Wymysł ludzki, czy jednak dar od Boga? A może dzieło Szatana?</li>
</ol>
<p>Przez stygmaty rozumiem pozostałości na ciele po cierpieniu za wiarę w Jezusa, a nie takie rzeczy jak np. u ojca Pio. Uważamy, że takie manifestacje nie są biblijne i mają podłoże okultystyczne (czyli diabelskie)</p>

<p>1.      Czy uznajecie kapłaństwo kobiet? Wierzymy w powszechne kapłaństwo ludzi narodzonych na nowo, zgodnie z I P 2, 9: „Ale wy jesteście rodem wybranym, królewskim kapłaństwem, narodem świętym, ludem nabytym, abyście rozgłaszali cnoty tego, który was powołał z ciemności do cudownej swojej światłości” Wierzymy też, że każdy wierzący ma jakieś powołanie od Boga i osiąga [&hellip;]</p>
